False
Suppose 3*i = 3*k - 2*i - 393, -5*i = 0. Is k a composite number?
False
Is (2/(-4))/(2/(-844)) a composite number?
False
Let n(c) = -5*c**3 - c**2. Let k be n(-1). Let b(j) = 6*j**2 + 11 - 20 - 2*j + 6 - 2*j**2. Is b(k) composite?
False
Let s be 3/((-3)/2) - 1. Is (37 - 1) + 2 + s a prime number?
False
Let t(q) be the second derivative of -5/2*q**2 - 1/6*q**3 + 0 - 2*q + 1/3*q**4. Is t(4) prime?
False
Let z = -354 + 507. Let p = -76 + z. Is p composite?
True
Let r(q) = 690*q**3 + q**2 - 2*q + 1. Let p be r(1). Suppose -6 = -g - g, -p = -5*o + 5*g. Is o a prime number?
False
Suppose -2*t - 2*t = -776. Is t a composite number?
True
Let w(i) = 27*i**2 + 3*i + 3. Suppose -4*f + 0 - 12 = 0. Is w(f) a composite number?
True
Let w = 7 + -8. Let x(q) = -160*q + 1. Is x(w) a prime number?
False
Let d(s) = -44*s + 6. Let f(n) = -15*n + 2. Let r(u) = -6*d(u) + 17*f(u). Let h be r(4). Suppose 6*i + 2*o = 2*i + 82, i - h = -5*o. Is i composite?
False
Let p = -140 + 435. Is p/4 + 6/24 a composite number?
True
Let s(a) = a**3 - 3*a**2 + 2*a - 1. Let x be -5*3*(-1)/5. Let c be s(x). Suppose 3*n = c*b - 161, 5*b - 165 = 5*n - 0*n. Is b composite?
False
Let f = -219 - -392. Suppose 3*p - f = 382. Is p a prime number?
False
Let g be (-2 + 0)*(-33)/6. Suppose g + 2 = l. Is l composite?
False
Is (4 + -7)/(-3) + 2 a composite number?
False
Suppose -8 = -c - 3*c. Is (42/12)/(c/8) a prime number?
False
Let g(j) = 273*j**2 + 3*j - 4. Is g(2) a prime number?
False
Suppose -2*j = -2*b - 0*b + 336, 0 = -4*j + 2*b - 662. Let l = j - -454. Is l composite?
True
Let y be (-1 - -1)/(1/1). Suppose -15 + y = -3*q. Suppose 31 = q*r - 234. Is r a composite number?
False
Suppose 5*y - 1444 = 3*y - 4*q, 0 = -4*y - 5*q + 2894. Suppose 6*r + 3*m = 3*r + 543, -5*m + y = 4*r. Is r a prime number?
True
Suppose 2*b - 22 = 192. Let k = 234 - b. Is k a prime number?
True
Suppose 0 = 6*n - 2*n - 10304. Suppose -n = -5*c + 539. Is c prime?
False
Let t(z) = 4*z**3 - 12*z**2 - 3*z + 3. Let f(r) = 5*r**3 - 13*r**2 - 4*r + 3. Let p(c) = 5*f(c) - 6*t(c). Is p(-7) prime?
True
Suppose 5*w = w + 172. Is w a composite number?
False
Let a(x) = -9*x**3 + 2*x - 1. Let g be a(1). Let s = 10 - g. Is s - (-2 - 0 - -1) a prime number?
True
Let f be (-4)/(-10) + 7353/(-45). Let n = -86 - f. Is n a composite number?
True
Suppose -4*t = -2*t - 16. Suppose t = i - 2. Is i prime?
False
Let j = 1 - -2. Suppose y - 12 = -j*y. Is 266/y - (-4)/12 a prime number?
True
Let i(m) = 12*m**2 - 10*m - 13. Is i(-8) composite?
True
Suppose 0 = -3*o + 3*w + 1695, -2*o = -3*w + 2*w - 1134. Let a = -443 + 167. Let j = o + a. Is j a composite number?
False
Let j be ((-30)/(-25))/((-2)/(-35)). Suppose -j = -2*f + 93. Is f a composite number?
True
Let h(k) = k**2 - k. Let u be h(2). Is ((-1)/u)/(2/(-44)) prime?
True
Suppose 0 = -5*n - 2 + 22. Let w(l) = 33*l - 5. Is w(n) a composite number?
False
Let q = 2 + 1. Suppose q*u - 272 = 115. Is u a prime number?
False
Suppose -131 = 4*q - 615. Suppose 0 = 2*j + j - k - 136, q = 3*j - 4*k. Is j a composite number?
False
Suppose 0 = -6*m + 4*m + 3674. Is m composite?
True
Suppose 0*l - 3*l + 1167 = 0. Is l a prime number?
True
Is 2/5 - (-546)/10 composite?
True
Let w(o) = o**3 + 7*o**2 - o - 3. Let z be w(-7). Let f(x) = 2*x**2 + 2*x. Let h be f(z). Is ((-26)/5)/((-8)/h) a prime number?
False
Suppose 4*s - 16 = 2*q - 0, -5*s = -3*q - 22. Let a be (113/2)/(s/4). Suppose 5*l = 62 + a. Is l a composite number?
True
Let s be (-1)/(-2*(-1)/(-50)). Let n = 84 - s. Is n a prime number?
True
Suppose -2*p + o + 1402 = 4*o, 4*p - 5*o = 2804. Is p a composite number?
False
Let b be 2*-1 + (-8)/(-4). Let d be 48 - b*3/6. Let u = d + -34. Is u composite?
True
Suppose -n + 4 = -2*n. Let v(h) = -2*h**3 - 4*h**2 - h - 1. Let w be v(n). Suppose -4*m + w + 201 = 0. Is m a prime number?
True
Suppose 710 = -35*s + 45*s. Is s a prime number?
True
Suppose 5*m = -4*y + 352, 3*y + m - 162 - 91 = 0. Let o = y + -30. Is o a composite number?
False
Let y(s) = -9*s - 2. Let o be y(-5). Suppose k = -0*k + o. Is k composite?
False
Suppose -6*y + 9546 = -0*y. Is y composite?
True
Suppose k + 20 = 6*k. Let o be (k/6)/((-3)/(-27)). Let d(u) = 6*u + 2. Is d(o) composite?
True
Suppose m + 4 = 2*m. Suppose m*s - 4*w - 492 = 0, 3*s = -s - w + 482. Suppose -2*y = -y - s. Is y prime?
False
Let b = -1 + 2. Let f = 1 + b. Suppose -3*z + 95 = f*z. Is z composite?
False
Let b(n) = -131*n**2 + n + 1. Let h be b(-1). Is -3 - (-3 + h + 4) a prime number?
True
Let q(b) = b**3 - b - 1. Let i be q(-1). Is (i - -4) + (-1568)/(-8) a prime number?
True
Let w(q) be the first derivative of -q**3/3 - 4*q**2 + q + 2. Let g be -1*6*(0 + 1). Is w(g) a composite number?
False
Let j(f) = 21*f + 5. Let i be j(5). Suppose -3*l - 2*l = -i. Is l prime?
False
Let p(y) = -6*y + 1. Let i(a) = -5*a + a**3 - 4*a**2 + 4 + a - 3*a. Let g be i(5). Is p(g) a composite number?
False
Suppose 0 = -o - 3*o - 5*t + 638, o - 159 = -t. Is o prime?
True
Let c(n) = 26*n**3 + 3*n - 3. Let o = 12 + -10. Is c(o) prime?
True
Suppose 17*m - 381 = 14*m. Is m prime?
True
Let l(z) = z**2 + 3*z - 4. Let x be l(-4). Suppose x = -4*n - 8 + 84. Let b = n - 6. Is b a composite number?
False
Let m(r) = 17*r**2 + 2*r - 1. Let x be m(1). Suppose 2*i = 120 + x. Suppose 5*s - 6 = i. Is s a prime number?
False
Suppose 0 = 3*n + 4 - 7. Suppose -19 = -y + 3*h, -y = 2*y + 5*h - n. Is y a composite number?
False
Suppose 2*q + 4 = 6, 0 = -4*m - 4*q + 1008. Is m prime?
True
Let y = 358 - 237. Is y a prime number?
False
Suppose 0 = -3*z + s + 13, 0 = 2*z - 6*z - s + 29. Is 520/28 - z/(-14) a composite number?
False
Let q be (-17)/(-5) + 2/(-5). Suppose q = -3*r - 2*v, -6 = -3*v + 3. Is (-2)/(r + 10/4) composite?
True
Is (4/(36/3))/((-2)/(-1734)) composite?
True
Suppose -3441 = -5*u - 846. Is u prime?
False
Suppose -613 = -3*g + 5*i, 4*i + 617 = -0*g + 3*g. Is g prime?
True
Let y(j) = 11*j**2 - 10*j + 17. Is y(-10) a composite number?
False
Is ((-2)/(-4))/(2/892) composite?
False
Let u = 4702 + -285. Is u composite?
True
Let u(a) = -3 - 2 - a**2 - 6*a + 3. Is u(-3) prime?
True
Let k = -2017 - -3060. Is k prime?
False
Let f be 20/(-6)*(-27)/15. Suppose p = f*p - 95. Is p composite?
False
Let y(s) = s**3 - 3*s**2 + s + 2. Let n = -3 + 5. Let v be y(n). Suppose -x - 127 = -f - 3*x, -5*f - 5*x + 620 = v. Is f composite?
True
Suppose 2 - 1 = 3*b + 2*x, 2*x = 2*b + 6. Let f(g) = -g - 1. Let u(p) = 62*p + 4. Let d(w) = -3*f(w) - u(w). Is d(b) prime?
False
Is (-3 + (-3)/(-2))*4456/(-12) prime?
True
Is (-3)/2*(-1420)/6 prime?
False
Let l(t) = -t**3 + 14*t**2 + t - 1. Let k be l(9). Suppose 2*y = o - 265, 5*y + k + 632 = 4*o. Suppose -o = -10*x + 5*x. Is x prime?
False
Let t = -108 - -229. Is t a prime number?
False
Suppose 4*h = 2*c + 2, -5 = -0*h - h - c. Let v be (-3 - h)*(-3 + 2). Suppose -v*g = -43 - 12. Is g prime?
True
Suppose 3*g - 94 + 25 = 0. Suppose -3*f + 12 = 60. Let w = g + f. Is w prime?
True
Let z = -366 - -257. Let v = z + 230. Is v a composite number?
True
Let b(c) = 75*c - 2. Let y = 13 + -10. Is b(y) a prime number?
True
Let k = 4 - 28. Let l = -11 - k. Is l a composite number?
False
Let a = -148 + 19. Let f be 1/(2 + a/66). Suppose f = -z + 3*z. Is z prime?
True
Let a = 542 - 273. Is a a composite number?
False
Suppose 3*p = -p - 2212. Let i = 222 - p. Suppose i = -o + 6*o. Is o a prime number?
False
Suppose z = -2*t - 0*z - 60, -2*t - 2*z - 56 = 0. Let g = 5 - t. Is g composite?
False
Let k(r) = -r**3 + 21*r**2 + 43*r - 2. Is k(21) prime?
False
Suppose 2*n - n + 111 = 0. Is (n/6*-4)/1 a prime number?
False
Let y = 424 + -45. Is y composite?
False
Suppose 29 = a + r - 32, 5*a + 2*r = 296. Suppose a - 23 = 3*i - 4*v, -2*v = 2*i. Suppose -3*o + 734 = i*h, 0 = -h - 3*o + 2*o + 148. Is h a composite number?
True
Is -1 + 5 - (-5390 - 7) composite?
True
Suppose -2*r - 5*c + 16 = -6*r, -4*c + 16 = 0. Is r/(2/(-4))*-1 a composite number?
False
Let f(p) = 6*p**2 + 7*p + 8. Is f(-5) a composite number?
True
Let c(x) = x. Let w(i) = -i**3 + 3*i**2 + 8*i - 5. Let a be w(5). Let u = a - -22. Is c(u) a prime number?
True
Is 27915/(-10)*(-3 + (-21)/(-9)) a composite number?
False
Let j be 0 + -1 + 3 + -1649. Let o = -837 - j. Suppose 2*g = -5*k + 332, -4*g + k + o = 168. Is g composite?
T